{"id":1183,"date":"2016-03-18T06:13:33","date_gmt":"2016-03-18T06:13:33","guid":{"rendered":"http:\/\/demos.famethemes.com\/onepress\/cart\/"},"modified":"2025-01-04T18:12:29","modified_gmt":"2025-01-04T17:12:29","slug":"cart","status":"publish","type":"page","link":"https:\/\/www.hubalowaostoja.pl\/?page_id=1183","title":{"rendered":"Spacery edukacyjne"},"content":{"rendered":"\n<p>Zaj\u0119cia przeznaczone s\u0105 dla ps\u00f3w w ka\u017cdym wieku. <br>Ich celem jest mi\u0142e, ciekawe i aktywne sp\u0119dzenie czasu ze swoim psem w towarzystwie innych pozytywnie zakr\u0119conych psiarzy, w sprzyjaj\u0105cych i atrakcyjnych warunkach \u015brodowiskowych. B\u0119d\u0105 to zaj\u0119cia edukacyjno-towarzyskie w lu\u017aniejszej formule, tak aby zar\u00f3wno psy jak i ludzie nie czuli presji szkoleniowej, dlatego spacery b\u0119d\u0105 odbywa\u0107 si\u0119 w przestrzeni wiejskiej.<\/p>\n\n\n\n<p>Podczas spaceru, b\u0119dziemy przy okazji pracowa\u0107 nad problemami psio-ludzkimi i uczy\u0107 psy:<\/p>\n\n\n\n<ul><li>spokojnego mijania si\u0119 z innymi psami i lud\u017ami<\/li><li>ignorowania ruchu ulicznego<\/li><li>skupiania na w\u0142a\u015bcicielu podczas rozprosze\u0144<\/li><li>przywo\u0142ywania psa podczas spaceru<\/li><li>zabawy z psem podczas spaceru (wykorzystanie naturalnych element\u00f3w \u015brodowiskowych oraz u\u017cycie zabawki)<\/li><li>zacie\u015bniania wi\u0119zi z w\u0142asnym psem<\/li><li>budowania odwagi psa i poczucia bezpiecze\u0144stwa<\/li><li>podstawowych komend (siad, waruj, zosta\u0144)<br><\/li><\/ul>\n\n\n\n<p>Korzystaj\u0105c z zasob\u00f3w przyrodniczych i kulturowych obszaru Bor\u00f3w Niemodli\u0144skich, spacery b\u0119d\u0105 odbywa\u0107 si\u0119 trasami: <br>&#8222;\u015aladem Morwy Bia\u0142ej w Pog\u00f3rzu&#8221;<br>&#8222;Legendy i historia Pog\u00f3rza&#8221; &#8211; wraz  z replik\u0105 wiatraka<br>&#8222;Las blisko nas&#8221;<\/p>\n\n\n\n<p>Koszt: 60,00 z\u0142 za spacer. <\/p>\n\n\n<div class=\"wp-block-image is-style-rounded\">\n<figure class=\"aligncenter size-full\"><img loading=\"lazy\" width=\"800\" height=\"649\" src=\"https:\/\/www.hubalowaostoja.pl\/wp-content\/uploads\/2023\/08\/DSC09603.jpg\" alt=\"\" class=\"wp-image-2631\" srcset=\"https:\/\/www.hubalowaostoja.pl\/wp-content\/uploads\/2023\/08\/DSC09603.jpg 800w, https:\/\/www.hubalowaostoja.pl\/wp-content\/uploads\/2023\/08\/DSC09603-300x243.jpg 300w, https:\/\/www.hubalowaostoja.pl\/wp-content\/uploads\/2023\/08\/DSC09603-768x623.jpg 768w\" sizes=\"(max-width: 800px) 100vw, 800px\" \/><figcaption>fot: Hubalowa Ostoja<\/figcaption><\/figure><\/div>\n\n\n<p><\/p>\n","protected":false},"excerpt":{"rendered":"<p>Zaj\u0119cia przeznaczone s\u0105 dla ps\u00f3w w ka\u017cdym wieku. Ich celem jest mi\u0142e, ciekawe i aktywne sp\u0119dzenie czasu ze swoim psem w towarzystwie innych pozytywnie zakr\u0119conych psiarzy, w sprzyjaj\u0105cych i atrakcyjnych &#8230;<\/p>\n","protected":false},"author":2,"featured_media":0,"parent":0,"menu_order":0,"comment_status":"closed","ping_status":"closed","template":"template-fullwidth.php","meta":[],"_links":{"self":[{"href":"https:\/\/www.hubalowaostoja.pl\/index.php?rest_route=\/wp\/v2\/pages\/1183"}],"collection":[{"href":"https:\/\/www.hubalowaostoja.pl\/index.php?rest_route=\/wp\/v2\/pages"}],"about":[{"href":"https:\/\/www.hubalowaostoja.pl\/index.php?rest_route=\/wp\/v2\/types\/page"}],"author":[{"embeddable":true,"href":"https:\/\/www.hubalowaostoja.pl\/index.php?rest_route=\/wp\/v2\/users\/2"}],"replies":[{"embeddable":true,"href":"https:\/\/www.hubalowaostoja.pl\/index.php?rest_route=%2Fwp%2Fv2%2Fcomments&post=1183"}],"version-history":[{"count":11,"href":"https:\/\/www.hubalowaostoja.pl\/index.php?rest_route=\/wp\/v2\/pages\/1183\/revisions"}],"predecessor-version":[{"id":2832,"href":"https:\/\/www.hubalowaostoja.pl\/index.php?rest_route=\/wp\/v2\/pages\/1183\/revisions\/2832"}],"wp:attachment":[{"href":"https:\/\/www.hubalowaostoja.pl\/index.php?rest_route=%2Fwp%2Fv2%2Fmedia&parent=1183"}],"curies":[{"name":"wp","href":"https:\/\/api.w.org\/{rel}","templated":true}]}}