{"id":1521,"date":"2020-06-13T01:05:57","date_gmt":"2020-06-12T23:05:57","guid":{"rendered":"http:\/\/www.entro.pl\/wordpress_006\/?page_id=1521"},"modified":"2025-06-14T10:19:41","modified_gmt":"2025-06-14T08:19:41","slug":"szkolenie-psow-tresura-opolskie","status":"publish","type":"page","link":"https:\/\/www.hubalowaostoja.pl\/?page_id=1521","title":{"rendered":"WYBIERZ SZKOLENIE"},"content":{"rendered":"\n<p><strong>Marzysz o harmonijnej relacji ze swoim psem?<\/strong> Zapraszam Ci\u0119 na szkolenie, podczas kt\u00f3rego nauczysz si\u0119, jak budowa\u0107 zaufanie i zrozumienie ze swoim pupilem.<\/p>\n\n\n<div class=\"wp-block-image is-style-rounded\">\n<figure class=\"alignright size-full\"><img loading=\"lazy\" width=\"404\" height=\"608\" src=\"https:\/\/www.hubalowaostoja.pl\/wp-content\/uploads\/2020\/06\/DSC4407.jpg\" alt=\"\" class=\"wp-image-1730\" srcset=\"https:\/\/www.hubalowaostoja.pl\/wp-content\/uploads\/2020\/06\/DSC4407.jpg 404w, https:\/\/www.hubalowaostoja.pl\/wp-content\/uploads\/2020\/06\/DSC4407-199x300.jpg 199w\" sizes=\"(max-width: 404px) 100vw, 404px\" \/><\/figure><\/div>\n\n\n<p class=\"has-text-align-left\">Oferuj\u0119 indywidualne podej\u015bcie, dostosowane do potrzeb Twojego psa. Bez wzgl\u0119du na to, czy chcesz nauczy\u0107 szczeniaka podstawowych komend, czy te\u017c rozwija\u0107 umiej\u0119tno\u015bci swojego doros\u0142ego psa, znajdziemy idealn\u0105 formu\u0142\u0119.<\/p>\n\n\n\n<p><strong>Dlaczego warto wybra\u0107 moje szkolenie?<\/strong><\/p>\n\n\n\n<ul><li><strong>Pozytywne metody:<\/strong> Stosuj\u0119 metody oparte na kszta\u0142towaniu po\u017c\u0105danych zachowa\u0144 i wzmacnianiu ich za pomoc\u0105 nagr\u00f3d, dzi\u0119ki czemu Tw\u00f3j pies b\u0119dzie uczy\u0142 si\u0119 z rado\u015bci\u0105 i zaanga\u017cowaniem.<\/li><li><strong>Indywidualne podej\u015bcie:<\/strong> Ka\u017cdy pies jest inny, dlatego dostosowuj\u0119 program szkolenia do jego temperamentu i potrzeb.<\/li><li><strong>R\u00f3\u017cnorodno\u015b\u0107 zaj\u0119\u0107:<\/strong> Oferuj\u0119 szeroki zakres aktywno\u015bci, od podstawowych komend po zaawansowane szkolenie sportowe i cywilne, tropienie, mini agility, psi fitness itp.<\/li><li><strong>Przyjazna atmosfera:<\/strong> Zaj\u0119cia odbywaj\u0105 si\u0119 w przyjemnej atmosferze, na przestronnym placu szkoleniowym lub w salce treningowej<\/li><li><strong>Do\u015bwiadczenie:<\/strong> Posiadam wieloletnie do\u015bwiadczenie w pracy z psami, jestem aktywn\u0105 zawodniczk\u0105 dru\u017cynowej dyscypliny sportowej &#8222;Flyball&#8221; ,cz\u0142onkiem Zwi\u0105zku Kynologicznego w Polsce oraz Zwi\u0105zku Sportu Flyball.<\/li><\/ul>\n\n\n\n<p>Wybierz szkolenie, kt\u00f3re Ci\u0119 najbardziej interesuje, lub skontaktuj si\u0119 ze mn\u0105, a razem stworzymy plan szkolenia, kt\u00f3ry spe\u0142ni oczekiwania Twoje i Twojego psa.<\/p>\n\n\n\n<div class=\"wp-container-4 wp-block-group\"><div class=\"wp-block-group__inner-container\">\n<div class=\"wp-container-3 wp-block-columns\">\n<div class=\"wp-container-2 wp-block-column\" style=\"flex-basis:100%\">\n<div class=\"wp-container-1 wp-block-group alignfull has-text-color has-background\" style=\"background-color:#ffffff;color:#000000\"><div class=\"wp-block-group__inner-container\">\n<figure class=\"wp-block-pullquote\"><blockquote><p><a href=\"https:\/\/www.hubalowaostoja.pl\/?page_id=1528\">PUPPY PROJEKT<\/a><\/p><p><a href=\"https:\/\/www.hubalowaostoja.pl\/?page_id=1522\">PSIE PRZEDSZKOLE<\/a><\/p><p><a href=\"https:\/\/www.hubalowaostoja.pl\/?page_id=1524\">POSZ\u0141USZE\u0143STWO PODSTAWOWE<\/a><\/p><p><a href=\"https:\/\/www.hubalowaostoja.pl\/?page_id=1523\">POS\u0141USZE\u0143STWO ZAAWANSOWANE<\/a><\/p><p><a href=\"https:\/\/www.hubalowaostoja.pl\/?page_id=1525\">SZKOLENIE IDYWIDUALNE<\/a><\/p><p><a href=\"https:\/\/www.hubalowaostoja.pl\/?page_id=1741\">TROPIENIE SPORTOWE<\/a><\/p><cite><br>Odkryj sekret udanej relacji z Twoim psem<\/cite><\/blockquote><\/figure>\n<\/div><\/div>\n<\/div>\n<\/div>\n<\/div><\/div>\n\n\n\n<p>Dzia\u0142am na terenie czterech powiat\u00f3w: Prudnik, Nysa, Krapkowice, Opole.<\/p>\n","protected":false},"excerpt":{"rendered":"<p>Marzysz o harmonijnej relacji ze swoim psem? Zapraszam Ci\u0119 na szkolenie, podczas kt\u00f3rego nauczysz si\u0119, jak budowa\u0107 zaufanie i zrozumienie ze swoim pupilem. Oferuj\u0119 indywidualne podej\u015bcie, dostosowane do potrzeb Twojego &#8230;<\/p>\n","protected":false},"author":1,"featured_media":0,"parent":0,"menu_order":0,"comment_status":"closed","ping_status":"closed","template":"template-fullwidth.php","meta":[],"_links":{"self":[{"href":"https:\/\/www.hubalowaostoja.pl\/index.php?rest_route=\/wp\/v2\/pages\/1521"}],"collection":[{"href":"https:\/\/www.hubalowaostoja.pl\/index.php?rest_route=\/wp\/v2\/pages"}],"about":[{"href":"https:\/\/www.hubalowaostoja.pl\/index.php?rest_route=\/wp\/v2\/types\/page"}],"author":[{"embeddable":true,"href":"https:\/\/www.hubalowaostoja.pl\/index.php?rest_route=\/wp\/v2\/users\/1"}],"replies":[{"embeddable":true,"href":"https:\/\/www.hubalowaostoja.pl\/index.php?rest_route=%2Fwp%2Fv2%2Fcomments&post=1521"}],"version-history":[{"count":66,"href":"https:\/\/www.hubalowaostoja.pl\/index.php?rest_route=\/wp\/v2\/pages\/1521\/revisions"}],"predecessor-version":[{"id":2990,"href":"https:\/\/www.hubalowaostoja.pl\/index.php?rest_route=\/wp\/v2\/pages\/1521\/revisions\/2990"}],"wp:attachment":[{"href":"https:\/\/www.hubalowaostoja.pl\/index.php?rest_route=%2Fwp%2Fv2%2Fmedia&parent=1521"}],"curies":[{"name":"wp","href":"https:\/\/api.w.org\/{rel}","templated":true}]}}