{"id":1528,"date":"2020-06-13T01:05:57","date_gmt":"2020-06-12T23:05:57","guid":{"rendered":"http:\/\/www.entro.pl\/wordpress_006\/?page_id=1528"},"modified":"2025-06-13T17:07:08","modified_gmt":"2025-06-13T15:07:08","slug":"galeria","status":"publish","type":"page","link":"https:\/\/www.hubalowaostoja.pl\/?page_id=1528","title":{"rendered":""},"content":{"rendered":"\n<h2 class=\"has-text-align-center\">Puppy Projekt<\/h2>\n\n\n\n<p class=\"has-text-align-center\">&#8222;Puppy Projekt&#8221; to konsultacje lub cykl konsultacji dla szczeni\u0105t w wieku do 12 tygodnia \u017cycia oraz przysz\u0142ych<br> lub obecnych ich w\u0142a\u015bcicieli.<\/p>\n\n\n<div class=\"wp-block-image is-style-rounded\">\n<figure class=\"aligncenter size-large is-resized\"><img loading=\"lazy\" src=\"https:\/\/www.hubalowaostoja.pl\/wp-content\/uploads\/2025\/06\/fbc6b636-eab9-4e80-a78a-d99250319441-1-768x1024.jpg\" alt=\"\" class=\"wp-image-2977\" width=\"446\" height=\"595\" srcset=\"https:\/\/www.hubalowaostoja.pl\/wp-content\/uploads\/2025\/06\/fbc6b636-eab9-4e80-a78a-d99250319441-1-768x1024.jpg 768w, https:\/\/www.hubalowaostoja.pl\/wp-content\/uploads\/2025\/06\/fbc6b636-eab9-4e80-a78a-d99250319441-1-225x300.jpg 225w, https:\/\/www.hubalowaostoja.pl\/wp-content\/uploads\/2025\/06\/fbc6b636-eab9-4e80-a78a-d99250319441-1-1152x1536.jpg 1152w, https:\/\/www.hubalowaostoja.pl\/wp-content\/uploads\/2025\/06\/fbc6b636-eab9-4e80-a78a-d99250319441-1.jpg 1536w\" sizes=\"(max-width: 446px) 100vw, 446px\" \/><\/figure><\/div>\n\n\n<h3>Dlaczego wczesne konsultacje s\u0105 kluczowe?<\/h3>\n\n\n\n<p>Pierwsze tygodnie \u017cycia szczeniaka (do 12 tygodnia) to absolutnie <strong>najwa\u017cniejszy okres w jego rozwoju<\/strong>. To w\u0142a\u015bnie wtedy kszta\u0142tuj\u0105 si\u0119 jego nawyki i charakter. B\u0142\u0119dy pope\u0142nione w tym czasie mog\u0105 mie\u0107 d\u0142ugotrwa\u0142e konsekwencje, a odpracowanie negatywnych lub traumatycznych zdarze\u0144 zwi\u0105zanych ze z\u0142\u0105 socjalizacj\u0105 lub brakiem odpowiedniej socjalizacji, w przysz\u0142o\u015bci b\u0119dzie znacznie trudniejsze i czasoch\u0142onne.<\/p>\n\n\n\n<p>Indywidualne konsultacje s\u0105 stworzone specjalnie z my\u015bl\u0105 o Tobie i Twoim maluchu. Niezale\u017cnie od tego, czy szczeniak dopiero do Ciebie przyjedzie, czy ju\u017c zago\u015bci\u0142 w Twoim domu, zapewni\u0119 Ci <strong>kompleksowe wsparcie<\/strong> w najwa\u017cniejszych aspektach opieki i wychowania:<\/p>\n\n\n\n<ul><li><strong>Pierwsze dni w domu:<\/strong> Jak p\u0142ynnie wprowadzi\u0107 szczeniaka do nowego \u015brodowiska?<\/li><li><strong>Nauka czysto\u015bci:<\/strong> Skuteczne metody nauki za\u0142atwiania potrzeb fizjologicznych na zewn\u0105trz.<\/li><li><strong>Wprowadzenie klatki:<\/strong> Jak sprawi\u0107, by klatka sta\u0142a si\u0119 bezpiecznym azylem, a nie kar\u0105?<\/li><li><strong>Budowanie relacji:<\/strong> Jak stworzy\u0107 siln\u0105 i pozytywn\u0105 wi\u0119\u017a z psem?<\/li><li><strong>Unikanie b\u0142\u0119d\u00f3w wychowawczych:<\/strong> Jak zapobiega\u0107 problemom, zanim si\u0119 pojawi\u0105?<\/li><li><strong>Prawid\u0142owe \u017cywienie:<\/strong> Co podawa\u0107 szczeniakowi, a czego unika\u0107?<\/li><li><strong>Radzenie sobie z gryzieniem:<\/strong> Dlaczego szczeniak gryzie i jak go tego oduczy\u0107?<\/li><\/ul>\n\n\n\n<p>Otrzymasz r\u00f3wnie\u017c mn\u00f3stwo innych <strong>istotnych informacji<\/strong>, kt\u00f3re pomog\u0105 Ci zrozumie\u0107 potrzeby Twojego szczeniaka i zapewni\u0107 mu optymalny rozw\u00f3j.<\/p>\n\n\n\n<h3>Bezpiecze\u0144stwo i socjalizacja Twojego szczeniaka<\/h3>\n\n\n\n<p>Rozumiem Twoje obawy dotycz\u0105ce zdrowia maluszka, zw\u0142aszcza przed pe\u0142nym cyklem szczepie\u0144.<strong> Indywidualne konsultacje s\u0105 w pe\u0142ni bezpieczne dla szczeni\u0105t<\/strong>, kt\u00f3re nie naby\u0142y jeszcze pe\u0142nej odporno\u015bci. Tw\u00f3j szczeniak nie b\u0119dzie mia\u0142 kontaktu z innymi psami, co eliminuje ryzyko infekcji.<\/p>\n\n\n\n<p>To idealny moment na <strong>wczesn\u0105 socjalizacj\u0119<\/strong> w kontrolowanym i bezpiecznym \u015brodowisku! Po uko\u0144czeniu 12-go tygodnia \u017cycia i zako\u0144czeniu wi\u0119kszo\u015bci szczepie\u0144 oraz odrobaczeniu, Tw\u00f3j szczeniak b\u0119dzie w pe\u0142ni gotowy na <strong>Psie Przedszkole<\/strong> i dalsz\u0105 nauk\u0119 w grupie.<\/p>\n\n\n\n<p>Koszt konsultacji: 100,00 z\u0142 &#8211; od 45 do 60 minut<\/p>\n\n\n\n<p><strong>Nie czekaj! Daj swojemu szczeniakowi najlepszy start w \u017cycie i zainwestuj w jego przysz\u0142o\u015b\u0107. Skontaktuj si\u0119 ze mn\u0105 ju\u017c dzi\u015b, aby um\u00f3wi\u0107 si\u0119 na konsultacj\u0119!<\/strong><\/p>\n\n\n\n<figure class=\"wp-block-pullquote\"><blockquote><p><a href=\"https:\/\/forms.gle\/cswURFFzdL3j6bEL6\" target=\"_blank\" rel=\"noreferrer noopener\">Formularz zg\u0142oszeniowy<\/a><\/p><cite>Dowiedz si\u0119 jak nie zwariowa\u0107 w pierwszych dniach ze szczeniaczkiem i jak zbudowa\u0107 podstawy pod przysz\u0142e relacje<\/cite><\/blockquote><\/figure>\n","protected":false},"excerpt":{"rendered":"<p>Puppy Projekt &#8222;Puppy Projekt&#8221; to konsultacje lub cykl konsultacji dla szczeni\u0105t w wieku do 12 tygodnia \u017cycia oraz przysz\u0142ych lub obecnych ich w\u0142a\u015bcicieli. Dlaczego wczesne konsultacje s\u0105 kluczowe? Pierwsze tygodnie &#8230;<\/p>\n","protected":false},"author":1,"featured_media":0,"parent":0,"menu_order":0,"comment_status":"closed","ping_status":"closed","template":"template-fullwidth.php","meta":[],"_links":{"self":[{"href":"https:\/\/www.hubalowaostoja.pl\/index.php?rest_route=\/wp\/v2\/pages\/1528"}],"collection":[{"href":"https:\/\/www.hubalowaostoja.pl\/index.php?rest_route=\/wp\/v2\/pages"}],"about":[{"href":"https:\/\/www.hubalowaostoja.pl\/index.php?rest_route=\/wp\/v2\/types\/page"}],"author":[{"embeddable":true,"href":"https:\/\/www.hubalowaostoja.pl\/index.php?rest_route=\/wp\/v2\/users\/1"}],"replies":[{"embeddable":true,"href":"https:\/\/www.hubalowaostoja.pl\/index.php?rest_route=%2Fwp%2Fv2%2Fcomments&post=1528"}],"version-history":[{"count":26,"href":"https:\/\/www.hubalowaostoja.pl\/index.php?rest_route=\/wp\/v2\/pages\/1528\/revisions"}],"predecessor-version":[{"id":2986,"href":"https:\/\/www.hubalowaostoja.pl\/index.php?rest_route=\/wp\/v2\/pages\/1528\/revisions\/2986"}],"wp:attachment":[{"href":"https:\/\/www.hubalowaostoja.pl\/index.php?rest_route=%2Fwp%2Fv2%2Fmedia&parent=1528"}],"curies":[{"name":"wp","href":"https:\/\/api.w.org\/{rel}","templated":true}]}}